{"id":89,"date":"2025-10-01T11:43:41","date_gmt":"2025-10-01T14:43:41","guid":{"rendered":"https:\/\/clinicafalar.com.br\/?page_id=89"},"modified":"2025-10-15T21:39:53","modified_gmt":"2025-10-16T00:39:53","slug":"profissionais","status":"publish","type":"page","link":"https:\/\/clinicafalar.com.br\/?page_id=89","title":{"rendered":"Profissionais"},"content":{"rendered":"\n<div class=\"wp-block-group r-spacing wow animate__animated animate__fadeInUp has-global-padding is-layout-constrained wp-container-core-group-is-layout-9e277222 wp-block-group-is-layout-constrained\" style=\"margin-top:0;margin-bottom:100px;padding-right:20px;padding-left:20px\">\n<div class=\"wp-block-columns are-vertically-aligned-top is-layout-flex wp-container-core-columns-is-layout-3fedb30a wp-block-columns-is-layout-flex\">\n<div class=\"wp-block-column is-vertically-aligned-top is-layout-flow wp-block-column-is-layout-flow\">\n<p class=\"has-text-align-center has-large-font-size\"><strong>Profissionais da Cl\u00ednica<\/strong><\/p>\n\n\n\n<p class=\"has-medium-font-size\">Sou  Karinne Farias, sou a fundadora e fonoaudi\u00f3loga respons\u00e1vel por esta cl\u00ednica. Minha miss\u00e3o \u00e9 transformar vidas atrav\u00e9s do poder da comunica\u00e7\u00e3o e da reabilita\u00e7\u00e3o.<br><br>Sou Fonoaudi\u00f3loga formada desde 2001 e minha paix\u00e3o por essa \u00e1rea me levou a buscar especializa\u00e7\u00e3o cont\u00ednua. Possuo P\u00f3s-Gradua\u00e7\u00e3o em Voz pelo CEFAC. Atuo em diversas \u00e1reas da fonoaudiologia como dificuldade de aprendizagem, trocas e atraso de fala, adequa\u00e7\u00e3o do posicionamento lingual, altera\u00e7\u00e3o e imposta\u00e7\u00e3o vocal, queixa de rouquid\u00e3o e altera\u00e7\u00f5es na qualidade da voz, seja cantada ou falada.<br><br>Em meus 24 anos de experi\u00eancia, dediquei-me a criar um ambiente de cuidado que \u00e9 ao mesmo tempo cient\u00edfico e profundamente humano. Entendo que buscar a fonoaudiologia pode ser um passo importante e, \u00e0s vezes, desafiador. Por isso, meu compromisso \u00e9 guiar cada paciente com escuta ativa, empatia e planos de tratamento personalizados.<br><br>Seja voc\u00ea um profissional que precisa de mais pot\u00eancia vocal, um pai preocupado com o desenvolvimento da fala de seu filho, ou um idoso buscando reabilitar a degluti\u00e7\u00e3o, estou aqui para oferecer o suporte e as ferramentas necess\u00e1rias para alcan\u00e7ar seus objetivos.<\/p>\n\n\n\n<p style=\"margin-top:0\"><\/p>\n<\/div>\n\n\n\n<div class=\"wp-block-column is-vertically-aligned-top is-layout-flow wp-block-column-is-layout-flow\">\n<div class=\"wp-block-group our-story-right has-global-padding is-layout-constrained wp-block-group-is-layout-constrained\">\n<div class=\"wp-block-cover is-light r-cover\" style=\"border-radius:20px;min-height:645px;aspect-ratio:unset;\"><img loading=\"lazy\" decoding=\"async\" width=\"1024\" height=\"1024\" class=\"wp-block-cover__image-background wp-image-92 size-full\" alt=\"\" src=\"https:\/\/clinicafalar.com.br\/wp-content\/uploads\/2025\/10\/64dd6ba3-ab5a-4458-91b3-f9df64b9892d.jpg\" data-object-fit=\"cover\" srcset=\"https:\/\/clinicafalar.com.br\/wp-content\/uploads\/2025\/10\/64dd6ba3-ab5a-4458-91b3-f9df64b9892d.jpg 1024w, https:\/\/clinicafalar.com.br\/wp-content\/uploads\/2025\/10\/64dd6ba3-ab5a-4458-91b3-f9df64b9892d-300x300.jpg 300w, https:\/\/clinicafalar.com.br\/wp-content\/uploads\/2025\/10\/64dd6ba3-ab5a-4458-91b3-f9df64b9892d-150x150.jpg 150w, https:\/\/clinicafalar.com.br\/wp-content\/uploads\/2025\/10\/64dd6ba3-ab5a-4458-91b3-f9df64b9892d-768x768.jpg 768w\" sizes=\"auto, (max-width: 1024px) 100vw, 1024px\" \/><span aria-hidden=\"true\" class=\"wp-block-cover__background has-background-dim-0 has-background-dim\"><\/span><div class=\"wp-block-cover__inner-container has-global-padding is-layout-constrained wp-block-cover-is-layout-constrained\">\n<p><\/p>\n<\/div><\/div>\n\n\n\n<div class=\"wp-block-buttons is-layout-flex wp-block-buttons-is-layout-flex\" style=\"margin-top:0\"><\/div>\n<\/div>\n<\/div>\n<\/div>\n\n\n\n<p><\/p>\n<\/div>\n","protected":false},"excerpt":{"rendered":"<p>Profissionais da Cl\u00ednica Sou Karinne Farias, sou a fundadora e fonoaudi\u00f3loga respons\u00e1vel por esta cl\u00ednica. Minha miss\u00e3o \u00e9 transformar vidas atrav\u00e9s do poder da comunica\u00e7\u00e3o e da reabilita\u00e7\u00e3o. Sou Fonoaudi\u00f3loga formada desde 2001 e minha paix\u00e3o por essa \u00e1rea me levou a buscar especializa\u00e7\u00e3o cont\u00ednua. Possuo P\u00f3s-Gradua\u00e7\u00e3o em Voz pelo CEFAC. Atuo em diversas \u00e1reas [&hellip;]<\/p>\n","protected":false},"author":1,"featured_media":0,"parent":0,"menu_order":0,"comment_status":"closed","ping_status":"closed","template":"","meta":{"footnotes":""},"class_list":["post-89","page","type-page","status-publish","hentry"],"_links":{"self":[{"href":"https:\/\/clinicafalar.com.br\/index.php?rest_route=\/wp\/v2\/pages\/89","targetHints":{"allow":["GET"]}}],"collection":[{"href":"https:\/\/clinicafalar.com.br\/index.php?rest_route=\/wp\/v2\/pages"}],"about":[{"href":"https:\/\/clinicafalar.com.br\/index.php?rest_route=\/wp\/v2\/types\/page"}],"author":[{"embeddable":true,"href":"https:\/\/clinicafalar.com.br\/index.php?rest_route=\/wp\/v2\/users\/1"}],"replies":[{"embeddable":true,"href":"https:\/\/clinicafalar.com.br\/index.php?rest_route=%2Fwp%2Fv2%2Fcomments&post=89"}],"version-history":[{"count":7,"href":"https:\/\/clinicafalar.com.br\/index.php?rest_route=\/wp\/v2\/pages\/89\/revisions"}],"predecessor-version":[{"id":184,"href":"https:\/\/clinicafalar.com.br\/index.php?rest_route=\/wp\/v2\/pages\/89\/revisions\/184"}],"wp:attachment":[{"href":"https:\/\/clinicafalar.com.br\/index.php?rest_route=%2Fwp%2Fv2%2Fmedia&parent=89"}],"curies":[{"name":"wp","href":"https:\/\/api.w.org\/{rel}","templated":true}]}}